 + d - 6, -2*i = -2*d. Suppose -d*j + 17 - 3 = 0. What is the units digit of j?
7
Let u(k) = 5*k**2. What is the units digit of u(1)?
5
Let v be 1*(-1 - (-11 + -2)). Suppose 3*z = -v, -36 = -5*y - 0*y - z. What is the units digit of y?
8
Let v = -16 - -10. Suppose -3*k = 4*o + 23, 3 - 10 = 3*k - 4*o. Let c = k - v. What is the units digit of c?
1
Let t(c) = 1 + 1 + 10 + c. Let j be t(-6). Let h(d) = -d**2 + 7*d + 5. What is the tens digit of h(j)?
1
Let z = -83 - -57. Let p = -16 - z. What is the units digit of p?
0
What is the tens digit of 88 - (-8)/((-16)/(-4))?
9
Suppose -4*b + 3*b - 1 = 0. Let q be (-1)/b + (-10)/5. Let g = q + 7. What is the units digit of g?
6
Let q be -2*34/(-4) + -1. Suppose 4 + q = -2*y. What is the units digit of 1/5 - 18/y?
2
Let p be (4/(-8))/(1/2). Let a be p/4 + (-10)/(-8). Let r = a - -2. What is the units digit of r?
3
Suppose 3*d + 24 = -w, -5*d - 33 = 5*w - w. What is the units digit of ((-8)/(-24))/((-1)/d)?
3
Suppose 2*o - x - 311 = -83, -3*o + 360 = 3*x. What is the tens digit of o?
1
Suppose 2*f - 4*u - 28 = 0, u + 4 = -0. Suppose 2*n - f = -4*p, -5 = -0*p - 3*p - 2*n. What is the units digit of 8*2 - p - -1?
6
Let q(x) = -x**3 + 12*x**2 - 10*x + 5. Suppose 4*n = 2*a + 10, -n - a + 2 = 1. Suppose -44 = -n*c - 2*c. What is the units digit of q(c)?
6
Let v be -3*((-15)/(-1) - -3). What is the units digit of 4/18 + (-798)/v?
5
Let c be 6/9 - 4/(-3). Suppose -2*g - 14 = 4*t, -2*t = c*t - g - 1. Let m = t + 5. What is the units digit of m?
4
Let k be (-1)/(-3) + (-56)/(-12). Suppose q = 1 + k. What is the units digit of q?
6
Suppose -5*y + 15 + 0 = 0. Suppose 3*w = 4*s + 14, -w - w + 8 = -2*s. Suppose -3*k + y = -w*k. What is the units digit of k?
3
Suppose -3*w - 8 = -4*o + 184, 4*o - 192 = -2*w. What is the units digit of o?
8
Let p = 91 - -12. Suppose 5*u - 77 = p. What is the units digit of u?
6
What is the units digit of (8/18)/(7 + (-366)/54)?
2
Let m(z) = -3*z**2 - 9*z - 8. Let l(g) = 4*g**2 + 8*g + 8. Let w(b) = -2*l(b) - 3*m(b). What is the tens digit of w(-13)?
3
Suppose 2*v + 2*v - 24 = 0. Suppose -18 = 2*h - v*h + 5*s, 4*s = 5*h - 18. What is the units digit of h?
2
Let f(x) = x**3 - x - 14. Let z be f(0). Let b = z + 24. What is the units digit of b?
0
Let z(l) = -l - 1. Let i be z(-5). Suppose -4*v - 5*f = -33, f = -i*v + 4*f + 57. What is the tens digit of v?
1
Let y be ((-6)/(-9) - 1)*-9. Suppose -b = y*q - 25 + 1, 0 = 2*b. What is the units digit of q?
8
Let j(n) = 2*n + 10. Let a be j(-10). Let o(s) = s**3 + 10*s**2 - s - 14. Let v be o(a). What is the tens digit of (11/v)/(5/(-20))?
1
Let m be ((-9)/(-6))/(3/4). Let q = m - -15. What is the units digit of q?
7
Let n(l) = 2*l - 9. What is the units digit of n(8)?
7
Let m(o) = -2*o + 7. What is the units digit of m(-10)?
7
Let o(p) = p + 1. Let l be o(1). Suppose 3*u = 3*b - 18, -b + 4*u + 17 = l. What is the units digit of -5*b/(-10)*2?
3
What is the units digit of 2 + (0 - 3) + 24?
3
Suppose 5*d = 4*q - 0*q + 24, 4 = 2*d + 4*q. Let h = d - 5. What is the units digit of -1 - (h - 0) - -2?
2
Suppose 4*l + h + 124 = -0*h, -3*l + 2*h = 82. Let c = -1 + l. What is the units digit of c/(-4) + (-2)/(-8)?
8
Let o = 315 + -53. What is the units digit of o?
2
Let g = -12 - -15. Suppose 0*u - n = 3*u - 47, 5*n = -u - g. What is the units digit of u?
7
Let c be 6/5*(-70)/(-21). Let t(y) = y**2 + 6*y. Let o be t(-5). What is the units digit of c/10 - 43/o?
9
Let m = 18 - 2. What is the tens digit of m?
1
Let k(t) = -t**2 + 18. What is the tens digit of k(0)?
1
Let q = 113 + -67. Suppose -3*j - q = 4*f - 144, -4*j = -4*f + 112. What is the units digit of f?
6
Let g(b) = b**3 + 5*b**2 - 6*b. Let h be g(-6). Suppose d - 44 = -h*d. Suppose -d = 3*s - 5*s. What is the tens digit of s?
2
Suppose 0 = 4*i + 21 + 11. Let x(l) be the first derivative of -l**4/4 - 7*l**3/3 + 7*l**2/2 - l + 4. What is the units digit of x(i)?
7
Let y(u) = -u**3 - 4*u**2 - 3*u - 3. Let h be y(-3). Let b be h/(-6)*2 + 1. Suppose k + 2*j - b - 2 = 0, 5*k = 3*j + 46. What is the units digit of k?
8
Let t be ((-4)/6 - -2)*3. Suppose -5*s - 10 = -5*o, -5*o = 2*s - s - t. What is the units digit of o?
1
Suppose p + 789 = 5*a, 0*p = 5*a + 3*p - 773. What is the tens digit of a?
5
What is the units digit of (4 - (0/(-2))/(-4)) + -2?
2
Let c = -19 + 18. Suppose 0 = -5*g - 25, -g = -4*l - 0*g + 17. Let s = c + l. What is the units digit of s?
2
Let x(q) = -q**2 - 18*q. What is the units digit of x(-16)?
2
Let b be (-4)/18 - (-272)/9. Let r = 21 - 41. Let f = b + r. What is the tens digit of f?
1
Let n(d) = -d - 5. Let v = -10 - -6. Let y be n(v). What is the tens digit of y/(-1) + 0 - -12?
1
Let m(n) = -4*n**3 - 4*n**2 - 2*n - 2. Let i(o) = o**3 - o. Let w(j) = 3*i(j) + m(j). What is the units digit of w(-3)?
4
Let v(s) = -s**2. Let h(x) = 4*x - 4. Let b(d) = -h(d) - 4*v(d). What is the tens digit of b(3)?
2
Let w(q) = q**3 - 7*q**2 + 6*q - 2. Let n be w(6). Let s be 6 - (3 + n)/(-1). Let t = -1 + s. What is the units digit of t?
6
Suppose -5*q + 57 + 168 = 0. What is the units digit of q?
5
Suppose -2*d - 3*a - 13 + 276 = 0, -2*a = 5*d - 674. Suppose 0*g + d = -g. What is the units digit of 2/(-11) - g/22?
6
Suppose 3*n - 18 = -0*n. What is the units digit of n?
6
Let i(n) = 4*n - n + 2*n**2 - 1 - n. What is the units digit of i(-4)?
3
Let c be (-3)/(-6) + 3/6. Let q be 3 + -2 + c + 26. Let i = q - 14. What is the tens digit of i?
1
Suppose b - 32 = 5*o, -36 = -2*b - 2*o - 2*o. What is the units digit of b?
2
Suppose -5*x = -44 + 14. Suppose 0 = x*m + m - 56. What is the units digit of m?
8
Suppose 5*d - 97 = 18. What is the units digit of d?
3
Suppose 9 = 4*o - 3*f, -3*o + f = -5*o + 7. What is the units digit of o?
3
Suppose -2*z + a + 38 = 0, 0*z - 5*a + 70 = 3*z. What is the units digit of z?
0
Let c(k) = 4*k**2 + 2*k**3 - 3*k**3 - k + 0 - 3. Let s be c(4). Let d(u) = -u - 1. What is the units digit of d(s)?
6
Let p(v) = v + 1. Let s be p(-3). Let o(m) = -3*m + 1. Let q be o(s). Let k(y) = y + 3. What is the units digit of k(q)?
0
Let d(f) = -4*f + 10. Let t be 50/6 - (-10)/15. Let k be d(t). What is the units digit of (k/(-2) - 2) + -2?
9
Suppose -3*d + 4 = 5*v, 0 = d - v + 9 - 21. Let x = d - -8. What is the units digit of x?
6
Let o(k) be the third derivative of k**5/60 - k**4/3 + 2*k**3 - 3*k**2. What is the tens digit of o(8)?
1
Let y = 53 - 23. What is the tens digit of y?
3
Let o(b) = -7*b**3 - 11*b**2 - 11*b - 2. Let k(j) = -j**3. Let d(w) = -6*k(w) + o(w). Let u = -10 + 0. What is the units digit of d(u)?
8
Let z(v) = -63*v - 72. What is the hundreds digit of z(-6)?
3
Let i = 22 - 15. Let s = i - -2. What is the units digit of s?
9
What is the hundreds digit of (10 + -4)*-1*(-20 + 3)?
1
Let v = 6 + -13. What is the tens digit of (-3 - v)*(-21)/(-6)?
1
Let y be (-2 + -1)*12/9. Let p = y - -7. What is the units digit of p?
3
Let i(n) = -4*n**2 + n. Let y(t) = -5*t**2 + t - 1. Suppose 4*q + q + 20 = 0. Let k(c) = q*i(c) + 3*y(c). What is the units digit of k(-3)?
9
Let m be (-60)/4*2/6. Let k = m + 6. What is the units digit of k?
1
Suppose 3*t = 4*t. What is the tens digit of t + 11 + (3 - 2)?
1
Let x = -27 - -42. Suppose 3*y + 2*r = x, 3*r = -4*y + 13 + 8. Suppose -2*t + y = p - 4, -3 = t. What is the tens digit of p?
1
Suppose 4*y - 52 = 2*f, -6*y + f = -3*y - 37. What is the units digit of y?
1
What is the units digit of (-65)/30*2*-18?
8
Suppose -2 = 5*y - 32. Let v(p) = 5*p + 5 + p + 0*p - p**3 + 5*p**2. What is the units digit of v(y)?
5
Let g(k) = k**2 + k - 1. Let p be g(-3). Suppose w + v = -w + 59, -4*w + 97 = -p*v. Suppose y + w = 5*y. What is the units digit of y?
7
Let b = -8 - -11. Let m = 2 + 1. Suppose k + 4*f = -b*k + 36, k = -m*f + 15. What is the units digit of k?
6
Let n = 17 - 12. Suppose -v + n*i = -8, 0*i + 5 = 2*v + i. Suppose -4*o + v*b - 5 = 0, o + 3*o - 5*b = -11. What is the units digit of o?
1
Suppose 4*r - 2*y - 136 = 0, -4 = -5*y - 24. What is the units digit of r?
2
Suppose -3*x + 7*x - 108 = 0. What is the tens digit of x?
2
Let g(v) = -3*v + 7. Suppose 0 = 4*y - 3*y + 9. What is the tens digit of g(y)?
3
Suppose -4*x - 80 - 56 = -4*i, 0 = -3*i - 2*x + 117. What is the units digit of i?
7
Suppose -2 = -3*k + 4*a, -k - 2*a = 2*a - 6. Let w be (